72265 composite?
True
Is 22144170985 prime?
False
Is 12352309439 composite?
False
Is 597103691 prime?
True
Is 195598213477 a prime number?
True
Is 306966797639 prime?
True
Is 7844890213 a prime number?
True
Is 163011610805 a prime number?
False
Is 63709261241 composite?
True
Is 2525488243 composite?
True
Is 1648241827 a composite number?
True
Is 112129774693 composite?
True
Is 445892977 composite?
False
Is 1820505181 a composite number?
True
Is 22882168979 prime?
True
Is 62493946 prime?
False
Is 6761620007 a prime number?
True
Is 246873862 a composite number?
True
Is 200879171749 a prime number?
False
Is 36062210911 prime?
True
Is 1148583803 a prime number?
False
Is 15139669 a prime number?
True
Is 6532266379 composite?
False
Is 168884773 a prime number?
True
Is 489084331 prime?
False
Is 376809091 composite?
False
Is 5372141897 a composite number?
False
Is 24540277 a prime number?
True
Is 4478153873 a composite number?
True
Is 1759761007 prime?
False
Is 18059266031 prime?
True
Is 114208403 composite?
False
Is 9374122931 a prime number?
True
Is 756329897 prime?
True
Is 1136675291 a composite number?
False
Is 1500157891 a prime number?
False
Is 2691376859 a composite number?
False
Is 770145193 prime?
True
Is 1290749441 a prime number?
True
Is 3235276253 a composite number?
True
Is 4326405487 prime?
True
Is 4157091539 prime?
True
Is 2703855293 prime?
True
Is 219766759 a composite number?
True
Is 45815368153 composite?
False
Is 1472187251 composite?
True
Is 1780221683 a composite number?
False
Is 2812679621 a composite number?
True
Is 47349889 composite?
False
Is 1197683327 a composite number?
True
Is 3396904279 a prime number?
False
Is 6558280006 prime?
False
Is 21936145111 a composite number?
False
Is 6488536657 a composite number?
False
Is 5795126339 a prime number?
False
Is 897639161 a prime number?
True
Is 35062767851 a composite number?
False
Is 202639859 a prime number?
True
Is 445056163 a prime number?
True
Is 1590525653 a prime number?
True
Is 7386176441 a composite number?
True
Is 8357141279 a prime number?
False
Is 168040406921 a prime number?
True
Is 1192272659 composite?
True
Is 218132527577 composite?
False
Is 372688829 prime?
True
Is 1268022203 prime?
False
Is 274796443 a composite number?
False
Is 200849707 a composite number?
False
Is 14469556583 a composite number?
True
Is 66974110495 a composite number?
True
Is 4321579067 composite?
True
Is 64805539133 composite?
True
Is 370673449 prime?
False
Is 6178583407 prime?
True
Is 647687647 a prime number?
True
Is 90876805207 composite?
False
Is 5877634331 a prime number?
True
Is 3814880033 a prime number?
True
Is 21371563 a composite number?
True
Is 4615686799 a composite number?
True
Is 779392687 prime?
False
Is 42953626187 a prime number?
False
Is 2943903269 composite?
True
Is 2414525893 a composite number?
True
Is 2999557723 prime?
False
Is 28242661499 composite?
True
Is 1897691003 composite?
True
Is 5181245429 composite?
False
Is 5538542609 composite?
False
Is 3819152219 a composite number?
False
Is 7648180607 composite?
False
Is 5514363053 a prime number?
True
Is 1847163317 a composite number?
False
Is 212396561207 a prime number?
True
Is 1822554053 a prime number?
False
Is 17018431609 a prime number?
True
Is 605753507 a composite number?
True
Is 1383579959 composite?
False
Is 183186418523 composite?
False
Is 3396967333 composite?
True
Is 2516420303 a composite number?
True
Is 305719499 prime?
True
Is 24970069479 a composite number?
True
Is 11899151201 prime?
False
Is 515977207 a composite number?
True
Is 21113089321 a composite number?
False
Is 1021307177 prime?
False
Is 13112516005 a prime number?
False
Is 1398016639 composite?
False
Is 103555373 composite?
True
Is 6984985313 a composite number?
True
Is 1953089911 prime?
False
Is 2307382411 a prime number?
True
Is 2475414805 a composite number?
True
Is 10065224203 a composite number?
True
Is 40273294453 a prime number?
False
Is 15166030681 composite?
False
Is 351218377 a prime number?
False
Is 25644013961 a prime number?
True
Is 11149750823 prime?
False
Is 1536426797 a prime number?
False
Is 466777981 prime?
True
Is 7215527933 composite?
True
Is 6688652921 composite?
True
Is 132280823 composite?
True
Is 87135337 composite?
True
Is 11305091003 prime?
True
Is 15050759239 composite?
True
Is 104000731601 prime?
False
Is 705343229 composite?
False
Is 32413138 composite?
True
Is 153504007 a composite number?
True
Is 1018998661 composite?
False
Is 3384049927 a prime number?
True
Is 162591953249 prime?
False
Is 5613256169 a composite number?
False
Is 204263641 composite?
True
Is 1208348359 a prime number?
True
Is 8170236079 prime?
False
Is 10000234093 a composite number?
False
Is 806422979 a prime number?
True
Is 319365713 prime?
True
Is 67682638 composite?
True
Is 540361057 prime?
False
Is 2821120255 a composite number?
True
Is 44751750493 a prime number?
True
Is 557881481 a composite number?
False
Is 3140801263 a composite number?
False
Is 91091197883 composite?
True
Is 598777073 composite?
True
Is 2954063341 a composite number?
True
Is 13095801049 a prime number?
True
Is 1235190841 composite?
False
Is 20242635058 a prime number?
False
Is 196192939829 prime?
True
Is 3314755393 composite?
False
Is 947267449 a prime number?
False
Is 749134321 composite?
True
Is 801289711 a prime number?
True
Is 64493735233 composite?
True
Is 9646756499 composite?
False
Is 48173866337 a composite number?
False
Is 9751829273 composite?
False
Is 64589551 prime?
False
Is 1854869077 composite?
False
Is 5750044921 a composite number?
True
Is 20520820267 a prime number?
False
Is 56870406647 composite?
False
Is 4749649199 prime?
True
Is 6669590801 prime?
False
Is 87356794219 prime?
False
Is 13693990543 prime?
True
Is 120869772497 a composite number?
False
Is 8356753787 a prime number?
False
Is 12261049789 a prime number?
True
Is 33510274583 composite?
False
Is 1803983143 composite?
False
Is 20408566307 a composite number?
False
Is 23096833061 a composite number?
True
Is 109227693313 a composite number?
False
Is 22916531689 prime?
False
Is 8146609283 prime?
True
Is 1282250693 a prime number?
True
Is 61937306237 composite?
True
Is 22470268181 composite?
True
Is 14543365181 prime?
True
Is 25985331049 composite?
True
Is 19516113527 prime?
False
Is 10097981 a composite number?
True
Is 1946452559 composite?
True
Is 17218646191 composite?
True
Is 1467142909 composite?
True
Is 112703869517 composite?
True
Is 180421949 composite?
False
Is 21883371533 composite?
True
Is 187399133 a prime number?
True
Is 2365315727 a prime number?
False
Is 1361062922 a composite number?
True
Is 2240482834 composite?
True
Is 55533529895 composite?
True
Is 510996373 a composite number?
True
Is 2432311561 a prime number?
True
Is 156907435 composite?
True
Is 2945066687 a composite number?
False
Is 1102865501 a prime number?
False
Is 4259108977 composite?
False
Is 81417023943 composite?
True
Is 755131273 a composite number?
True
Is 323734133 composite?
True
Is 434593409 prime?
True
Is 11060242849 a prime number?
True
Is 186513983 a prime number?
False
Is 213006851 composite?
True
Is 350662513 a prime number?
True
Is 51794548243 composite?
False
Is 526143067 composite?
True
Is 12264275471 a prime number?
False
Is 17068963471 a prime number?
False
Is 7048876171 a composite number?
True
Is 2222850647 a prime number?
False
Is 69516225853 prime?
True
Is 2432581147 a prime number?
True
Is 49662127337 a composite number?
False
Is 137522953 a prime number?
False
Is 108533992271 prime?
False
Is 1156775813 composite?
False
Is 6684517787 prime?
True
Is 49065033649 a composite number?
False
Is 867092747 composite?
True
Is 44616624683 a composite number?
False
Is 661805113 prime?
False
Is 7419030191 composite?
True
Is 1322967937 prime?
True
Is 325978019 composite?
False
Is 18860006927 composite?
False
Is 39129220051 composite?
True
Is 4474543091 composite?
False
Is 632465063953 a prime number?
True
Is 2757553729 a composite number?
True
Is 201252227 a prime number?
False
Is 196209833 composite?
True
Is 1155091243 a composite number?
False
Is 59848213 a prime number?
True
Is 18256373147 prime?
False
Is 91623370642 a composite number?
True
Is 2120593751 a prime number?
False
Is 255127673 a prime number?
